 640*z + 10717. Calculate g(195).
-8
Let y(m) = -m**3 + 57*m**2 + 450*m + 395. Give y(64).
523
Let o(x) = -x**3 - 117*x**2 - 1601*x - 1075. Calculate o(-15).
-10
Let t(b) = -b**3 + 67*b**2 - 1097*b + 66. Calculate t(39).
-129
Let z(h) = h**3 - 42*h**2 - 9*h - 96. What is z(41)?
-2146
Let f(j) = -j**2 + 27960*j - 1256185. What is f(45)?
-10
Let d(m) = -860*m + 10039. Determine d(10).
1439
Let y(g) = -15*g**2 + 21130*g - 63355. What is y(3)?
-100
Let h(q) = 4*q**3 + 524*q**2 + 510*q - 1302. Calculate h(-130).
-2
Let k(y) = y**3 - 15*y**2 - 224*y + 2234. What is k(8)?
-6
Let v(u) = 91624*u + 2. Calculate v(0).
2
Let o(n) = 13*n**3 + 20*n**2 - 28*n + 47. Give o(4).
1087
Let s(j) = -j**3 - 33*j**2 + 597*j - 77. Calculate s(-46).
-31
Let w(d) = -586*d + 131204. Give w(224).
-60
Let z(i) = 4*i**2 + 843*i + 36195. Give z(-146).
-1619
Let x(d) = -63*d**2 - 14015*d - 6440. Give x(-222).
-2
Let b(d) = -35*d**3 - 7*d**2 + 20*d + 40. Give b(3).
-908
Let z(x) = -3873*x + 6474. What is z(2)?
-1272
Let y(s) = 347*s - 21498. What is y(62)?
16
Let t(q) = 4*q**3 + 17*q**2 - 11292*q - 56398. What is t(-5)?
-13
Let t(p) = -p**3 - 10*p**2 + 1704*p + 24336. What is t(-38)?
16
Let c(b) = 173*b + 9769. What is c(-57)?
-92
Let p(v) = v**2 + 41808*v + 585138. What is p(-14)?
22
Let g(h) = h**3 - 34*h**2 - 32*h + 1163. Calculate g(34).
75
Let q(z) = -29*z**3 + 23*z**2 - 23*z + 12. Determine q(1).
-17
Let m(j) = 8190*j - 409558. Calculate m(50).
-58
Let l(k) = k**2 - 165381*k + 2149812. Determine l(13).
28
Let c(i) = -i**3 + 515*i**2 - 35169*i + 6538. What is c(434)?
28
Let z(l) = -l**3 - 62*l**2 - 974*l - 93980. Determine z(-68).
-4
Let u(o) = 6*o**3 + 35*o**2 + 2*o + 10. Give u(-8).
-838
Let z(c) = 27*c**2 + 75*c - 324. Calculate z(5).
726
Let g(o) = 474*o - 3813. Calculate g(8).
-21
Let p(s) = -s**3 - 25*s**2 + 156*s - 91. Give p(6).
-271
Let h(a) = 2*a**3 - 77*a**2 + 49*a - 422. Calculate h(38).
-4
Let v(c) = 1649*c - 9577. Determine v(6).
317
Let a(z) = -166*z**2 + 1336*z + 20. Determine a(8).
84
Let f(p) = 234*p + 13365. Calculate f(-58).
-207
Let s(g) = 211*g**2 - 2901*g + 34. Calculate s(14).
776
Let d(i) = -i**3 - 7*i**2 - 992*i - 2934. Give d(-3).
6
Let x(g) = -177*g - 7616. What is x(-43)?
-5
Let o(a) = 15*a**3 - 15*a**2 + 99*a - 34. Calculate o(6).
3260
Let b(a) = -3*a**2 - 1466*a - 60702. Give b(-443).
-11
Let j(v) = -6*v**2 - 4487*v - 39895. Calculate j(-9).
2
Let o(z) = z**3 + 19*z**2 - 1560*z + 12. Calculate o(31).
-298
Let v(y) = y**3 - 103*y**2 - 3627*y + 1130. Calculate v(-28).
-18
Let z(w) = w**2 + 902*w + 85668. Give z(-108).
-84
Let m(o) = 715*o + 35279. Determine m(-49).
244
Let r(i) = -2*i**3 + 12*i**2 + 54*i - 328. Give r(7).
-48
Let w(k) = 476*k**2 + 19990*k - 87. Give w(-42).
-3
Let u(o) = -4*o**2 + 2046*o - 256650. Calculate u(291).
12
Let t(b) = b**3 - 25*b**2 - 120*b - 341. Determine t(28).
-1349
Let w(j) = 3*j**3 + 14*j**2 + 514*j - 2299. Calculate w(4).
173
Let u(m) = m**2 - 139*m - 6294. Calculate u(173).
-412
Let y(h) = -h**3 + 7*h**2 - 628*h + 6631. Give y(10).
51
Let q(z) = -2*z**2 - 156*z + 1529. Calculate q(9).
-37
Let v(j) = 174*j**2 + 125*j - 62. Calculate v(-1).
-13
Let k(n) = 3*n**3 - 1170*n**2 + 285*n - 111158. Determine k(390).
-8
Let b(y) = y**3 + 9*y**2 - 166*y + 137. Determine b(8).
-103
Let l(r) = 14*r**3 + 131*r**2 - 248*r + 58. What is l(-11)?
3
Let v(q) = -4137*q + 1373683. Determine v(332).
199
Let g(u) = -29*u**2 - 20*u + 48. What is g(4)?
-496
Let b(x) = -358*x**2 - 4653*x + 7. Calculate b(-13).
-6
Let h(n) = -190*n**2 - 78467*n + 1369. What is h(-413)?
130
Let k(s) = 4302*s - 3157608. Calculate k(734).
60
Let z(v) = -2*v**2 - 344*v - 4515. Calculate z(-156).
477
Let l(k) = -4*k**2 + 3561*k + 172269. Give l(-46).
-1
Let h(c) = -14*c**3 + 137*c**2 - 223*c + 2386. Give h(10).
-144
Let d(t) = -11704*t + 93685. Give d(8).
53
Let i(a) = -6*a**2 - 298*a + 1756. Calculate i(-55).
-4
Let o(d) = 11*d**3 + 3730*d**2 + 364*d + 8503. Calculate o(-339).
28
Let r(n) = -30975*n - 557543. What is r(-18)?
7
Let q(p) = 74*p**2 - 343*p + 392. Determine q(2).
2
Let g(n) = -n**2 - 76*n - 1027. Determine g(-22).
161
Let l(m) = m**2 + 447*m - 32816. Determine l(64).
-112
Let k(s) = 2*s**3 - 78*s**2 + 131*s + 627. Give k(37).
-2
Let p(c) = c**2 - 1426*c + 299502. What is p(256)?
-18
Let v(i) = 2*i**2 - 26*i - 175. Calculate v(-22).
1365
Let d(y) = 2*y**3 - 147*y**2 - 14*y - 2703. Determine d(74).
1737
Let r(z) = 60*z**2 - 406*z + 56. Calculate r(7).
154
Let l(x) = -345*x - 4055. Give l(-15).
1120
Let j(g) = -73*g + 1527. Give j(48).
-1977
Let a(c) = -700*c - 93083. Calculate a(-133).
17
Let a(g) = 201*g**3 + 1386*g**2 + 13*g - 37. Calculate a(-7).
-1157
Let m(c) = -c**3 + 7*c**2 + 152*c - 467. Determine m(15).
13
Let b(w) = -6*w**3 - 36*w**2 - 121*w - 1199. What is b(-11)?
3762
Let h(r) = 3*r**2 + 731*r + 20388. Determine h(-32).
68
Let n(a) = 1747*a + 410532. What is n(-235)?
-13
Let m(u) = -569*u**2 - 25074*u - 1684. Calculate m(-44).
-12
Let u(k) = -5426*k - 48820. Calculate u(-9).
14
Let m(z) = 5813*z - 616179. Determine m(106).
-1
Let g(c) = 1106*c + 345040. What is g(-312)?
-32
Let f(t) = -1663*t + 144893. Determine f(87).
212
Let w(s) = s**3 - 275*s**2 + 1089*s - 1009. What is w(271)?
346
Let d(c) = 2*c**3 - 146*c**2 - 944*c + 67. What is d(-6)?
43
Let h(s) = 66*s + 1856. Determine h(-26).
140
Let v(i) = i**2 + 7970*i - 3356768. What is v(401)?
3
Let v(k) = -13231*k + 939411. Calculate v(71).
10
Let v(w) = 165*w - 2663. What is v(28)?
1957
Let t(k) = 224132*k + 5155027. Calculate t(-23).
-9
Let r(u) = u**3 + 159*u**2 + 5064*u + 415. Determine r(-115).
-45
Let w(v) = -16497*v - 16471. Give w(-1).
26
Let g(w) = -47620*w + 142898. Give g(3).
38
Let f(w) = 2*w**3 + 294*w**2 + 49*w - 35555. What is f(-146)?
-77
Let l(p) = -p**3 - 175*p**2 - 166*p + 1722. Give l(-174).
330
Let q(b) = 1369*b - 6683. Give q(6).
1531
Let a(c) = -2*c**3 - 96*c**2 + 21*c + 367. Determine a(-48).
-641
Let z(a) = 71*a - 190. Determine z(-2).
-332
Let v(p) = 6*p**2 + 2242*p + 3964. Give v(-372).
244
Let o(r) = -578*r**2 + 74562*r - 98. Calculate o(129).
-98
Let q(h) = -9*h**2 - 1163*h - 22421. Determine q(-19).
-3573
Let d(l) = l**3 + l**2 - 38*l + 270. Calculate d(-8).
126
Let s(k) = -2*k**2 + 17852*k + 933741. Calculate s(-52).
29
Let a(y) = -13266*y + 291847. Calculate a(22).
-5
Let f(o) = -283*o + 762. Calculate f(5).
-653
Let v(g) = 10*g**2 - 1081*g + 6239. Determine v(102).
17
Let a(b) = -159*b**2 - 2348*b + 629. Determine a(-15).
74
Let p(c) = -46*c**2 + 4673*c + 37161. Calculate p(109).
-8
Let q(m) = -17*m**3 + 166*m**2 + 48*m - 220. Calculate q(10).
-140
Let d(g) = -57713*g - 638. Give d(0).
-638
Let u(l) = 831*l - 34122. Give u(38).
-2544
Let p(s) = -900*s**2 + 4*s - 6. Determine p(1).
-902
Let t(s) = 145*s + 2870. What is t(-18)?
260
Let j(o) = -280*o - 7785. What is j(-27)?
-225
Let p(d) = d**3 + 22*d**2 + 146*d + 357. Determine p(-12).
45
Let n(f) = f**2 + 29627*f - 266713. Calculate n(9).
11
Let w(o) = 31*o**2 + 28*o - 343. What is w(6)?
941
Let w(o) = -41*o**2 - 1032*o - 4130. Give w(-5).
5
Let g(v) = 2*v**3 + 7*v**2 - 114*v - 351. Give g(-3).
0
Let q(w) = -w**2 + 31*w + 32374. Give q(196).
34
Let r(c) = 628*c + 38783. Determine r(-62).
-153
Let r(n) = 48*n**2 - 10103*n + 4712. What is r(210)?
-118
Let s(u) = -u**3 - 129*u**2 + 371*u - 3350. Give s(-132).
-50
Let z(k) = -k**2 + 41328*k - 371865. Give z(9).
6
Let j(d) = -6*d**2 - 503*d + 68678. Give j(73).
-15
Let f(r) = -579*r - 162227. What is f(-280)?
-107
Let w(y) = 35024*y + 104998. Determine w(-3).
-74
Let r(p) = 39617*p + 237717. Determine r(-6).
15
Let g(t) = 623554*t - 3741327. Determine g(6).
-3
Let r(b) = -2162*b + 211516. What is r(98)?
-360
Let v(i) = -3*i**3 + 215*i**2 + 279*i + 1023. Calculate v(73).
74
Let g(i) = i**3 + 11*i**2 - 32*i + 34. What is g(-13)?
112
Let t(w) = -1810630*w + 57940154. Determine t(32).
-6
Let x(l) = l**2 + 1936*l + 166158. What is x(-90)?
18
Let v(p) = -p**3 + 372*p**2 + 850*p - 37593. What is v(374)?
555
Let j(d) = -16*d**2 - 284*d + 867. Give j(-20).
147
Let y(q) = q**2 - 1361*q - 23438. Calculate y(-17).
-12
Let j(q) = 1079*q - 1269. Calculate j(2).
889
Let s(q) = -q**2 - 116*q - 4438. Give s(-46).
-1218
Let d(v) = 3*v**3 - 47*v**2 - 120*v + 1698. Calcul